{"id":30,"date":"2019-08-21T10:27:35","date_gmt":"2019-08-21T08:27:35","guid":{"rendered":"https:\/\/ferienhaus-alteschule.de\/wordpress\/?page_id=30"},"modified":"2022-09-12T13:44:05","modified_gmt":"2022-09-12T11:44:05","slug":"freizeitangebot__trashed","status":"publish","type":"page","link":"https:\/\/ferienhaus-alteschule.de\/wordpress\/freizeitangebot__trashed\/","title":{"rendered":"Freizeitangebote"},"content":{"rendered":"\n<p>Direkt vor der T\u00fcr liegt der Traumpfad \u201e<a href=\"https:\/\/www.traumpfade.info\/traumpfade-rhein-mosel-eifel\/eifel\/heidehimmel-volkesfeld\/\">Heidehimmel<\/a>\u201c. Auch weitere Traumpfade und Traumpf\u00e4dchen liegen in der unmittelbaren Umgebung, die sich ideal f\u00fcr Wanderungen anbieten. <\/p>\n\n\n\n<p>Au\u00dferdem gibt es in Volkesfeld eine Sauerbrunnen-Heilquelle. Das Wasser sprudelt aus 35m Tiefe an die Erdoberfl\u00e4che und ist sehr reich an Mineralien wie Eisen, Calcium und Magnesium. Der s\u00e4uerliche Geschmack und die r\u00f6tliche F\u00e4rbung kommen durch den hohen Eisengehalt im Wasser. Die gesunde Erfrischung ist kostenlos f\u00fcr Sie!  <\/p>\n\n\n\n<p>Unweit von Volkesfeld befinden sich die St\u00e4dte Mayen (Genovevaburg, Altstadt), Koblenz (Deutsches Eck, Festung Ehrenbreitstein) und Bad Neuenahr-Ahrweiler (Kurstadt).<\/p>\n\n\n\n<p>Das <a href=\"https:\/\/freizeitbad-brohltal.de\/\">Freizeitbad Brohltahl<\/a> zwischen Weibern und Kempenich erreichen Sie in ca. 5 Autominuten.<\/p>\n\n\n\n<p>Ganz in der N\u00e4he befindet sich der Riedener Waldsee.<\/p>\n\n\n\n<p>Au\u00dferdem befindet sich in Mayen das <a href=\"https:\/\/www.stwmy.de\/de\/5\/0\/Nettebad\/1\/\">Nettebad<\/a> mit einer gro\u00dfen Wasserrutsche im Freibad im Sommer und einem Hallenbad in der d\u00fcsteren Jahreszeit.<\/p>\n\n\n\n<p>Der <a href=\"https:\/\/www.nuerburgring.de\/\">N\u00fcrburgring<\/a> ist auch immer ein Ausflug wert. In ca. 15 Minuten sind Sie von unserem Ferienhaus an der bekannten Rennstrecke und k\u00f6nnen echtes Renn-Feeling erleben. Auch finden hier immer wieder andere tolle Veranstaltungen statt, wie z.B. Rock am Ring.<\/p>\n\n\n\n<p>Auch der wundersch\u00f6ne und gr\u00f6\u00dfte See in Rheinland-Pfalz, der <a href=\"https:\/\/www.eifel.info\/laacher-see-und-maria-laach\">Laacher See <\/a>und die dazugeh\u00f6rige Abtei sind mit dem Auto schnell zu erreichen. Hier haben Sie neben dem Wandern auch die M\u00f6glichkeit Tretboot zu fahren oder zu Baden\/Schwimmen.<\/p>\n\n\n\n<p>In der n\u00e4heren Umgebung liegen das sch\u00f6ne <a href=\"http:\/\/tor-zum-welterbe.de\/schloss-buerresheim\/\">Schloss B\u00fcrresheim<\/a>, die N\u00fcrburg und die Burg Olbr\u00fcck, das Wahrzeichen des Brohltals.<\/p>\n\n\n\n<p>In\nder Genovevaburg in Mayen (ca. 15 Autominuten) befinden sich das\nEifelmuseum und das Deutsche Schieferbergwerk, welches sich in 16\nMeter Tiefe unter der Burg befindet. Ein Besuch lohnt sich!<\/p>\n\n\n\n<p>Im\nSommer finden im Burghof die Burgfestspiele statt.<\/p>\n\n\n\n<p>Eine Erlebniswelt\/Vulkanmuseum rund um den Vulkanismus erwartet Sie im <a href=\"http:\/\/www.lava-dome.de\">Lava Dome<\/a> und den Lavakellern in bzw. unter der Stadt Mendig.<\/p>\n\n\n\n<p>In der N\u00e4he von Langenfeld befindet sich das Besucherbergwek <a href=\"http:\/\/www.grube-bendisberg.de\/\">Grube Bendisberg<\/a>,  ein ehemaliges Erzbergwerk. In der Bergmannsh\u00fctte kann man sich nach dem Besuch st\u00e4rken.  <\/p>\n\n\n\n<p>Der <a href=\"https:\/\/vulkan-express.de\/\">Vulkan-Express<\/a> in Engeln, eine Schmalspurbahn, ist ca. 10 Minuten entfernt und f\u00e4hrt von dort herunter bis zum Rhein in Brohl.<\/p>\n\n\n\n<p>Die\nSommerrodelbahn in Altenahr ist auch ein attraktives Ausflugziel.\nDies ist ein Spa\u00df f\u00fcr Jung und Alt.<\/p>\n\n\n\n<p>Der h\u00f6chste <a href=\"https:\/\/www.geysir-andernach.de\/\">Kaltwassergysir<\/a> der Welt befindet sich in Andernach, welches ca. 20 Autominuten vom Ferienhaus entfernt ist.<\/p>\n\n\n\n<figure class=\"wp-block-gallery has-nested-images columns-default is-cropped wp-block-gallery-1 is-layout-flex wp-block-gallery-is-layout-flex\"><\/figure>\n","protected":false},"excerpt":{"rendered":"<p>Direkt vor der T\u00fcr liegt der Traumpfad \u201eHeidehimmel\u201c. Auch weitere Traumpfade und Traumpf\u00e4dchen liegen in der unmittelbaren Umgebung, die sich ideal f\u00fcr Wanderungen anbieten. Au\u00dferdem gibt es in Volkesfeld eine Sauerbrunnen-Heilquelle. Das Wasser sprudelt aus 35m Tiefe an die Erdoberfl\u00e4che <a href=\"https:\/\/ferienhaus-alteschule.de\/wordpress\/freizeitangebot__trashed\/\" class=\"read-more\">Weiterlesen<\/a><\/p>\n","protected":false},"author":2,"featured_media":0,"parent":0,"menu_order":0,"comment_status":"closed","ping_status":"closed","template":"","meta":{"ngg_post_thumbnail":0,"footnotes":""},"class_list":["post-30","page","type-page","status-publish","hentry"],"_links":{"self":[{"href":"https:\/\/ferienhaus-alteschule.de\/wordpress\/wp-json\/wp\/v2\/pages\/30","targetHints":{"allow":["GET"]}}],"collection":[{"href":"https:\/\/ferienhaus-alteschule.de\/wordpress\/wp-json\/wp\/v2\/pages"}],"about":[{"href":"https:\/\/ferienhaus-alteschule.de\/wordpress\/wp-json\/wp\/v2\/types\/page"}],"author":[{"embeddable":true,"href":"https:\/\/ferienhaus-alteschule.de\/wordpress\/wp-json\/wp\/v2\/users\/2"}],"replies":[{"embeddable":true,"href":"https:\/\/ferienhaus-alteschule.de\/wordpress\/wp-json\/wp\/v2\/comments?post=30"}],"version-history":[{"count":1,"href":"https:\/\/ferienhaus-alteschule.de\/wordpress\/wp-json\/wp\/v2\/pages\/30\/revisions"}],"predecessor-version":[{"id":371,"href":"https:\/\/ferienhaus-alteschule.de\/wordpress\/wp-json\/wp\/v2\/pages\/30\/revisions\/371"}],"wp:attachment":[{"href":"https:\/\/ferienhaus-alteschule.de\/wordpress\/wp-json\/wp\/v2\/media?parent=30"}],"curies":[{"name":"wp","href":"https:\/\/api.w.org\/{rel}","templated":true}]}}